on factor of 225570 and 1572810?
3090
What is the greatest common divisor of 1234880 and 12832?
32
Calculate the greatest common factor of 107116 and 16348.
244
What is the greatest common factor of 422 and 144423170?
422
What is the greatest common factor of 2627320 and 172520?
760
Calculate the greatest common factor of 338990 and 398080.
3110
Calculate the highest common factor of 4632 and 164325411.
579
Calculate the greatest common factor of 1692 and 4922172.
36
Calculate the greatest common factor of 75198 and 7802.
166
Calculate the greatest common divisor of 2781 and 97282161.
2781
What is the highest common factor of 471582 and 27060?
246
What is the highest common factor of 5137287 and 6852?
1713
Calculate the highest common divisor of 1993269 and 741.
3
Calculate the greatest common divisor of 7728 and 772961.
161
Calculate the highest common divisor of 40 and 522140.
20
What is the greatest common factor of 2769977 and 2765?
553
Calculate the greatest common factor of 24476973 and 1752.
219
What is the highest common factor of 241744 and 21808?
464
What is the highest common divisor of 217024 and 2336?
32
What is the highest common divisor of 974470 and 5404?
14
Calculate the highest common factor of 9184131 and 358479.
5049
Calculate the greatest common factor of 55743 and 65909.
17
Calculate the greatest common factor of 160 and 2706944.
32
What is the greatest common divisor of 8548651 and 19?
19
What is the greatest common factor of 777 and 3467418?
111
Calculate the greatest common factor of 516 and 1175792.
172
Calculate the highest common divisor of 12958 and 185630.
38
Calculate the greatest common factor of 8121759 and 114.
57
What is the greatest common factor of 56 and 44470524?
28
What is the greatest common factor of 158 and 943640227?
79
Calculate the greatest common divisor of 54 and 567186.
6
What is the highest common factor of 504 and 2395554?
42
What is the greatest common factor of 973293 and 621?
3
What is the highest common factor of 246989484 and 189?
63
Calculate the greatest common divisor of 85 and 13994077.
17
Calculate the greatest common factor of 51167 and 179759.
19
Calculate the highest common divisor of 96802 and 39945846.
3338
Calculate the greatest common divisor of 37517010 and 522.
174
Calculate the highest common divisor of 864215 and 135.
5
What is the greatest common divisor of 30036604 and 52?
52
Calculate the greatest common factor of 2159024 and 49136.
592
What is the greatest common factor of 15592054 and 451?
41
What is the greatest common factor of 10481968 and 6944?
3472
Calculate the greatest common divisor of 596938 and 1991.
181
What is the greatest common divisor of 252054 and 22682?
22
What is the greatest common factor of 303232 and 25024?
1472
Calculate the highest common factor of 2090 and 820171.
11
Calculate the greatest common divisor of 76516 and 327778.
1034
What is the greatest common factor of 38 and 60923861?
19
What is the greatest common divisor of 3256 and 380015900?
1628
What is the highest common factor of 4889108 and 56?
28
What is the highest common factor of 2807569 and 7102?
53
Calculate the greatest common factor of 2347785 and 8085.
165
Calculate the greatest common factor of 11235 and 1940925.
105
Calculate the highest common divisor of 2814023 and 394078.
1913
Calculate the highest common factor of 6 and 18978392.
2
What is the greatest common divisor of 176 and 8258767?
11
Calculate the highest common factor of 28867160 and 34846.
1834
What is the greatest common divisor of 353581065 and 18315?
1665
Calculate the highest common factor of 6776 and 1483724.
44
What is the greatest common factor of 3808020384 and 2474?
2474
Calculate the greatest common factor of 107185 and 8891.
17
Calculate the highest common factor of 732 and 77083152.
12
Calculate the greatest common factor of 4896673 and 5024.
157
What is the highest common divisor of 24447779 and 3351?
1117
What is the greatest common factor of 200640 and 2806320?
2640
Calculate the greatest common factor of 264 and 220984.
8
Calculate the greatest common divisor of 2 and 338937714.
2
Calculate the greatest common divisor of 4661061 and 1824.
57
Calculate the highest common factor of 134 and 15480618.
134
Calculate the highest common factor of 118179 and 24803.
1459
Calculate the greatest common factor of 2425 and 46800.
25
What is the greatest common factor of 94633412 and 2952?
164
Calculate the highest common divisor of 10703660 and 10.
10
Calculate the highest common divisor of 2430 and 124900.
10
Calculate the greatest common factor of 1124794 and 23134.
86
What is the greatest common factor of 9678944 and 80?
16
Calculate the highest common factor of 88231 and 4411.
11
Calculate the greatest common factor of 1315 and 1382065.
1315
Calculate the highest common factor of 96520 and 13624.
8
Calculate the highest common divisor of 2483034 and 8523.
2841
What is the highest common divisor of 140694 and 2537601?
393
Calculate the greatest common factor of 1216297632 and 1056.
1056
Calculate the greatest common divisor of 95946513 and 1443.
1443
What is the highest common divisor of 246 and 43132164?
246
What is the highest common divisor of 107 and 35747951?
107
Calculate the highest common divisor of 45 and 61077798.
9
Calculate the greatest common divisor of 8397 and 547263.
27
Calculate the greatest common divisor of 74 and 24107905.
37
What is the greatest common factor of 690 and 253630890?
690
Calculate the highest common factor of 1358311 and 918413.
1679
What is the highest common divisor of 642 and 34663506?
642
What is the highest common divisor of 1936674 and 11016?
306
What is the highest common divisor of 39221127 and 990?
99
Calculate the highest common divisor of 1944064 and 992.
32
What is the highest common divisor of 166254092 and 4?
4
What is the greatest common divisor of 8052674 and 354?
118
Calculate the greatest common divisor of 198 and 352990.
22
Calculate the greatest common factor of 6 and 13657506.
6
What is the highest common divisor of 3008 and 78769556?
188
Calculate the greatest common divisor of 152 and 263411896.
152
Calculate the greatest common divisor of 38198906 and 46.
46
What is the highest common factor of 36 and 8557902?
18
Calculate the greatest common factor of 456236 and 81884.
44
What is the highest common divisor of 10355 and 10891389?
2071
What is the greatest common divisor of 6654219 and 1716?
429
Calculate the highest common factor of 2738044 and 3398344.
8804
Calculate the highest common factor of 181999 and 387573.
943
What is the highest common divisor of 36 and 168705972?
36
What is the greatest common divisor of 33 and 22825572?
33
What is the greatest common factor of 123 and 16641613?
41
What is the highest common divisor of 1822 and 58644714?
1822
Calculate the highest common factor of 30945811 and 13.
13
What is the highest common factor of 6019746 and 192?
6
Calculate the highest common divisor of 6468000 and 18228.
588
Calculate the highest common factor of 1117937268 and 1431.
1431
Calculate the highest common factor of 121050 and 34650.
450
Calculate the greatest common factor of 28825 and 173509205.
5765
What is the highest common factor of 1314145713 and 289?
289
Calculate the greatest common divisor of 294206144 and 192.
64
What is the greatest common factor of 5802 and 17065616?
1934
Calculate the highest common factor of 51812384 and 32.
32
What is the highest common factor of 5048 and 44147284?
2524
Calculate the highest common divisor of 71 and 533633941.
71
Calculate the greatest common factor of 230 and 15762935.
115
Calculate the highest common factor of 11204288 and 1536.
64
Calculate the highest common factor of 708730 and 3190.
110
What is the greatest common divisor of 1224 and 5829676?
4
What is the highest common factor of 458313 and 41541?
681
Calculate the greatest common divisor of 175860 and 3420.
180
What is the highest common divisor of 2665 and 249772?
41
Calculate the highest common factor of 747 and 1228649.
83
What is the greatest common divisor of 90 and 2054913330?
30
What is the greatest common factor of 7407 and 1844469?
9
Calculate the highest common divisor of 244967624 and 4642.
4642
What is the greates